{"id":199,"date":"2015-10-20T14:44:30","date_gmt":"2015-10-20T12:44:30","guid":{"rendered":"http:\/\/www.mobimera.at\/sandboxREC\/?page_id=199"},"modified":"2015-10-20T14:44:30","modified_gmt":"2015-10-20T12:44:30","slug":"testing-2","status":"publish","type":"page","link":"https:\/\/railexpertconsult.com\/?page_id=199","title":{"rendered":"Testen \/ Abnahme"},"content":{"rendered":"<p style=\"padding-left: 18px;\"><strong>Testen \/ Abnahme<\/strong><\/p>\n<ul>\n<li>Planung und Spezifikation von Tests<\/li>\n<li>Durchf\u00fchrung und Auswertung von Tests<\/li>\n<li>Interoperabilit\u00e4tsnachweis<\/li>\n<li>Gutachtert\u00e4tigkeit<\/li>\n<\/ul>\n<p><img loading=\"lazy\" decoding=\"async\" class=\"alignnone size-full wp-image-611\" src=\"https:\/\/railexpertconsult.com\/wp-content\/uploads\/2015\/10\/testing_300_shutterstock_279475484.jpg\" alt=\"testing_300_shutterstock_279475484\" width=\"1100\" height=\"300\" srcset=\"https:\/\/railexpertconsult.com\/wp-content\/uploads\/2015\/10\/testing_300_shutterstock_279475484.jpg 1100w, https:\/\/railexpertconsult.com\/wp-content\/uploads\/2015\/10\/testing_300_shutterstock_279475484-300x82.jpg 300w, https:\/\/railexpertconsult.com\/wp-content\/uploads\/2015\/10\/testing_300_shutterstock_279475484-1024x279.jpg 1024w, https:\/\/railexpertconsult.com\/wp-content\/uploads\/2015\/10\/testing_300_shutterstock_279475484-768x209.jpg 768w, https:\/\/railexpertconsult.com\/wp-content\/uploads\/2015\/10\/testing_300_shutterstock_279475484-624x170.jpg 624w\" sizes=\"auto, (max-width: 1100px) 100vw, 1100px\" \/><\/p>\n","protected":false},"excerpt":{"rendered":"<p>Testen \/ Abnahme Planung und Spezifikation von Tests Durchf\u00fchrung und Auswertung von Tests Interoperabilit\u00e4tsnachweis Gutachtert\u00e4tigkeit<\/p>\n","protected":false},"author":1,"featured_media":0,"parent":0,"menu_order":0,"comment_status":"closed","ping_status":"closed","template":"","meta":{"ub_ctt_via":"","footnotes":""},"class_list":["post-199","page","type-page","status-publish","hentry"],"featured_image_src":null,"_links":{"self":[{"href":"https:\/\/railexpertconsult.com\/index.php?rest_route=\/wp\/v2\/pages\/199","targetHints":{"allow":["GET"]}}],"collection":[{"href":"https:\/\/railexpertconsult.com\/index.php?rest_route=\/wp\/v2\/pages"}],"about":[{"href":"https:\/\/railexpertconsult.com\/index.php?rest_route=\/wp\/v2\/types\/page"}],"author":[{"embeddable":true,"href":"https:\/\/railexpertconsult.com\/index.php?rest_route=\/wp\/v2\/users\/1"}],"replies":[{"embeddable":true,"href":"https:\/\/railexpertconsult.com\/index.php?rest_route=%2Fwp%2Fv2%2Fcomments&post=199"}],"version-history":[{"count":0,"href":"https:\/\/railexpertconsult.com\/index.php?rest_route=\/wp\/v2\/pages\/199\/revisions"}],"wp:attachment":[{"href":"https:\/\/railexpertconsult.com\/index.php?rest_route=%2Fwp%2Fv2%2Fmedia&parent=199"}],"curies":[{"name":"wp","href":"https:\/\/api.w.org\/{rel}","templated":true}]}}