{"id":787,"date":"2016-04-15T14:52:08","date_gmt":"2016-04-15T12:52:08","guid":{"rendered":"http:\/\/www.railexpertconsult.com\/?page_id=787"},"modified":"2016-04-15T14:52:08","modified_gmt":"2016-04-15T12:52:08","slug":"impressum-en","status":"publish","type":"page","link":"https:\/\/railexpertconsult.com\/?page_id=787&lang=en","title":{"rendered":"Impressum EN"},"content":{"rendered":"<p><strong><span style=\"color: #c00000;\">RAIL <\/span><em>Expert Consult GmbH<\/em><\/strong><\/p>\n<p>Eingetragene Firmengegenst\u00e4nde:<\/p>\n<ul>\n<li>Ingenieurb\u00fcro f\u00fcr Verkehrstechnologien\/Transportsteuerungssysteme (civil engineer for transportation)<\/li>\n<li>EDV-Dienstleistungen (IT &#8211; Services)<\/li>\n<li>Handelsagent (Retailer)<\/li>\n<\/ul>\n<p>Managing director and owner: DI (FH) Erich Gr\u00fcnberger.<br \/>\nCompany address: Praterstrasse 25\/27, 1020 Vienna, Austria.<\/p>\n<p><span style=\"color: #c00000;\"><strong>Email<\/strong><\/span>: <a title=\"E-Mail\" href=\"mailto:%6F%66%66%69%63%65%40%72%61%69%6C%65%78%70%65%72%74%63%6F%6E%73%75%6C%74%2E%63%6F%6D \">Click, to edit an email to Rail Expert Consult<\/a><\/p>\n<p><strong><span style=\"color: #c00000;\">UID<\/span><\/strong>-Nummer:\u00a0ATU67820904<br \/>\n<strong><span style=\"color: #c00000;\">FN<\/span><\/strong>: 394225 v<br \/>\nHandelsgericht Wien<span style=\"font-size: medium;\"> (commercial court Vienna)<br \/>\n<\/span><\/p>\n","protected":false},"excerpt":{"rendered":"<p>RAIL Expert Consult GmbH Eingetragene Firmengegenst\u00e4nde: Ingenieurb\u00fcro f\u00fcr Verkehrstechnologien\/Transportsteuerungssysteme (civil engineer for transportation) EDV-Dienstleistungen (IT &#8211; Services) Handelsagent (Retailer) Managing director and owner: DI (FH) Erich Gr\u00fcnberger. Company address: Praterstrasse 25\/27, 1020 Vienna, Austria. Email: Click, to edit an email to Rail Expert Consult UID-Nummer:\u00a0ATU67820904 FN: 394225 v Handelsgericht Wien (commercial court Vienna)<\/p>\n","protected":false},"author":1,"featured_media":0,"parent":0,"menu_order":0,"comment_status":"closed","ping_status":"closed","template":"","meta":{"ub_ctt_via":"","footnotes":""},"class_list":["post-787","page","type-page","status-publish","hentry"],"featured_image_src":null,"_links":{"self":[{"href":"https:\/\/railexpertconsult.com\/index.php?rest_route=\/wp\/v2\/pages\/787","targetHints":{"allow":["GET"]}}],"collection":[{"href":"https:\/\/railexpertconsult.com\/index.php?rest_route=\/wp\/v2\/pages"}],"about":[{"href":"https:\/\/railexpertconsult.com\/index.php?rest_route=\/wp\/v2\/types\/page"}],"author":[{"embeddable":true,"href":"https:\/\/railexpertconsult.com\/index.php?rest_route=\/wp\/v2\/users\/1"}],"replies":[{"embeddable":true,"href":"https:\/\/railexpertconsult.com\/index.php?rest_route=%2Fwp%2Fv2%2Fcomments&post=787"}],"version-history":[{"count":0,"href":"https:\/\/railexpertconsult.com\/index.php?rest_route=\/wp\/v2\/pages\/787\/revisions"}],"wp:attachment":[{"href":"https:\/\/railexpertconsult.com\/index.php?rest_route=%2Fwp%2Fv2%2Fmedia&parent=787"}],"curies":[{"name":"wp","href":"https:\/\/api.w.org\/{rel}","templated":true}]}}