{"id":911,"date":"2017-11-23T19:10:57","date_gmt":"2017-11-23T18:10:57","guid":{"rendered":"http:\/\/www.railexpertconsult.com\/?page_id=911"},"modified":"2017-11-23T19:10:57","modified_gmt":"2017-11-23T18:10:57","slug":"contact-2","status":"publish","type":"page","link":"https:\/\/railexpertconsult.com\/?page_id=911&lang=fr","title":{"rendered":"Contact"},"content":{"rendered":"<div style=\"width: 100%;\">\n<div style=\"float: left; width: 50%;\"><strong><span style=\"color: #c00000;\">RAIL<\/span><em> Expert Consult GmbH<\/em><\/strong><br \/>\nBureau d&#8217;\u00e9tudes (ing\u00e9nieurs-conseils)<br \/>\nTechnologies des transports &amp; syst\u00e8mes de contr\u00f4le<\/p>\n<p><span style=\"color: #c00000;\"><strong>T<\/strong><\/span> : +43 1 2123679 10<br \/>\n<span style=\"color: #c00000;\"><strong>F<\/strong><\/span> : +43 1 2123679 89<br \/>\n<span style=\"color: #c00000;\"><strong>E<\/strong><\/span> : <a title=\"E-Mail\" href=\"mailto:%6F%66%66%69%63%65%40%72%61%69%6C%65%78%70%65%72%74%63%6F%6E%73%75%6C%74%2E%63%6F%6D \">Cliquer pour envoyer un e-mail \u00e0 Rail Expert Consult<\/a><\/p>\n<p><strong>Si\u00e8ge social :<\/strong><br \/>\nPraterstra\u00dfe 25\/27<br \/>\n1020 Wien<br \/>\nAutriche<\/p>\n<\/div>\n<div style=\"float: left; width: 50%;\">[wpgmza id=&#8220;2&#8243;]<\/div>\n<\/div>\n<p><strong>Filiales<\/strong><\/p>\n<div style=\"width: 100%;\">\n<div style=\"float: left; width: 50%;\"><strong><span style=\"color: #c00000;\">RAIL<\/span><em> Expert Consult Germany GmbH<\/em><\/strong><br \/>\nAugustusplatz 9<br \/>\n04109 Leipzig<br \/>\nAllemagne<\/div>\n<div style=\"float: left; width: 50%;\"><strong><span style=\"color: #c00000;\">RAIL<\/span><em> Expert Consult (India) Pvt. Ltd.<\/em><\/strong><br \/>\nc\/o Luther, German Centre<br \/>\nOffice No 25 12th Floor Building 9B, DLF Cyber City Phase III<br \/>\nGurgaon \u2013 122002, Haryana<br \/>\nInde<\/div>\n<div>\n<div><strong><span style=\"color: #c20000;\">RAIL<\/span><em> Expert Consult SA (Pty) Ltd.<\/em><\/strong><br \/>\n64 4th Avenue,<\/div>\n<div>Melville \u2013 2092 Gauteng<\/div>\n<div>Afrique du Sud<\/div>\n<\/div>\n<div><\/div>\n<\/div>\n","protected":false},"excerpt":{"rendered":"<p>RAIL Expert Consult GmbH Bureau d&#8217;\u00e9tudes (ing\u00e9nieurs-conseils) Technologies des transports &amp; syst\u00e8mes de contr\u00f4le T : +43 1 2123679 10 F : +43 1 2123679 89 E : Cliquer pour envoyer un e-mail \u00e0 Rail Expert Consult Si\u00e8ge social : Praterstra\u00dfe 25\/27 1020 Wien Autriche [wpgmza id=&#8220;2&#8243;] Filiales RAIL Expert Consult Germany GmbH Augustusplatz 9 04109 Leipzig Allemagne RAIL Expert&#8230; <a href=\"https:\/\/railexpertconsult.com\/?page_id=911&#038;lang=fr\">weiterlesen &raquo;<\/a><\/p>\n","protected":false},"author":1,"featured_media":0,"parent":0,"menu_order":0,"comment_status":"closed","ping_status":"closed","template":"","meta":{"ub_ctt_via":"","footnotes":""},"class_list":["post-911","page","type-page","status-publish","hentry"],"featured_image_src":null,"_links":{"self":[{"href":"https:\/\/railexpertconsult.com\/index.php?rest_route=\/wp\/v2\/pages\/911","targetHints":{"allow":["GET"]}}],"collection":[{"href":"https:\/\/railexpertconsult.com\/index.php?rest_route=\/wp\/v2\/pages"}],"about":[{"href":"https:\/\/railexpertconsult.com\/index.php?rest_route=\/wp\/v2\/types\/page"}],"author":[{"embeddable":true,"href":"https:\/\/railexpertconsult.com\/index.php?rest_route=\/wp\/v2\/users\/1"}],"replies":[{"embeddable":true,"href":"https:\/\/railexpertconsult.com\/index.php?rest_route=%2Fwp%2Fv2%2Fcomments&post=911"}],"version-history":[{"count":0,"href":"https:\/\/railexpertconsult.com\/index.php?rest_route=\/wp\/v2\/pages\/911\/revisions"}],"wp:attachment":[{"href":"https:\/\/railexpertconsult.com\/index.php?rest_route=%2Fwp%2Fv2%2Fmedia&parent=911"}],"curies":[{"name":"wp","href":"https:\/\/api.w.org\/{rel}","templated":true}]}}