{"id":952,"date":"2017-11-27T13:18:39","date_gmt":"2017-11-27T12:18:39","guid":{"rendered":"http:\/\/www.railexpertconsult.com\/?page_id=952"},"modified":"2017-11-27T13:18:39","modified_gmt":"2017-11-27T12:18:39","slug":"logistique","status":"publish","type":"page","link":"https:\/\/railexpertconsult.com\/?page_id=952&lang=fr","title":{"rendered":"Logistique"},"content":{"rendered":"<p style=\"padding-left: 18px;\"><strong>Logistique<\/strong><\/p>\n<ul>\n<li>D\u00e9veloppement de chaines logistiques multimodales internationales<\/li>\n<li>Conception de plate-forme multimodale<\/li>\n<li>Conception et sch\u00e9mas de circulation urbaine et r\u00e9gionale<\/li>\n<li>Benchmarks et \u00e9tudes<\/li>\n<\/ul>\n<div id=\"attachment_985\" style=\"width: 1210px\" class=\"wp-caption alignnone\"><img loading=\"lazy\" decoding=\"async\" aria-describedby=\"caption-attachment-985\" class=\"alignnone size-full wp-image-985\" src=\"https:\/\/railexpertconsult.com\/wp-content\/uploads\/2017\/11\/logistik_hafenWien-1.png\" alt=\"\u00a9 Wien Mobil\" width=\"1200\" height=\"394\" srcset=\"https:\/\/railexpertconsult.com\/wp-content\/uploads\/2017\/11\/logistik_hafenWien-1.png 1200w, https:\/\/railexpertconsult.com\/wp-content\/uploads\/2017\/11\/logistik_hafenWien-1-300x99.png 300w, https:\/\/railexpertconsult.com\/wp-content\/uploads\/2017\/11\/logistik_hafenWien-1-1024x336.png 1024w, https:\/\/railexpertconsult.com\/wp-content\/uploads\/2017\/11\/logistik_hafenWien-1-768x252.png 768w, https:\/\/railexpertconsult.com\/wp-content\/uploads\/2017\/11\/logistik_hafenWien-1-624x205.png 624w\" sizes=\"auto, (max-width: 1200px) 100vw, 1200px\" \/><p id=\"caption-attachment-985\" class=\"wp-caption-text\">\u00a9 Wien Mobil<\/p><\/div>\n","protected":false},"excerpt":{"rendered":"<p>Logistique D\u00e9veloppement de chaines logistiques multimodales internationales Conception de plate-forme multimodale Conception et sch\u00e9mas de circulation urbaine et r\u00e9gionale Benchmarks et \u00e9tudes<\/p>\n","protected":false},"author":1,"featured_media":0,"parent":0,"menu_order":0,"comment_status":"closed","ping_status":"closed","template":"","meta":{"ub_ctt_via":"","footnotes":""},"class_list":["post-952","page","type-page","status-publish","hentry"],"featured_image_src":null,"_links":{"self":[{"href":"https:\/\/railexpertconsult.com\/index.php?rest_route=\/wp\/v2\/pages\/952","targetHints":{"allow":["GET"]}}],"collection":[{"href":"https:\/\/railexpertconsult.com\/index.php?rest_route=\/wp\/v2\/pages"}],"about":[{"href":"https:\/\/railexpertconsult.com\/index.php?rest_route=\/wp\/v2\/types\/page"}],"author":[{"embeddable":true,"href":"https:\/\/railexpertconsult.com\/index.php?rest_route=\/wp\/v2\/users\/1"}],"replies":[{"embeddable":true,"href":"https:\/\/railexpertconsult.com\/index.php?rest_route=%2Fwp%2Fv2%2Fcomments&post=952"}],"version-history":[{"count":0,"href":"https:\/\/railexpertconsult.com\/index.php?rest_route=\/wp\/v2\/pages\/952\/revisions"}],"wp:attachment":[{"href":"https:\/\/railexpertconsult.com\/index.php?rest_route=%2Fwp%2Fv2%2Fmedia&parent=952"}],"curies":[{"name":"wp","href":"https:\/\/api.w.org\/{rel}","templated":true}]}}